f (-15630)/3*(-4 + 21/6)?
0
Suppose 3*k + 1 = 46. Suppose k*n = 20*n - 1540. What is the units digit of n?
8
Let m = -26921 + 62562. What is the thousands digit of m?
5
Suppose -100*s + 450984 - 131054 = -35*s. What is the units digit of s?
2
Let a be -24*((-205)/15 + 5). What is the tens digit of a + 5 + (4 - 2)?
1
Let j(f) = 45*f. Let z be j(1). Let h(p) = -2*p**3 - 30*p**2 - 85*p - 27. Let u be h(-11). What is the units digit of (-15 + 0)/(z/u)?
0
What is the hundreds digit of 5983/9 - (-1 - (-28)/36)?
6
What is the units digit of (0 + 4286 - 2) + 167 + -169?
2
Let s = 115 + -176. Let x = s - -137. What is the units digit of x?
6
Let w(r) = 8*r - 11*r - 3*r - 25 + 19*r. Let o be w(6). Let a = o + 31. What is the tens digit of a?
8
Let y(u) = 57*u**2 - 62*u + 434. What is the ten thousands digit of y(-27)?
4
Let w(r) = 2*r**2 + 25*r - 80. What is the hundreds digit of w(-20)?
2
Suppose 112*w + 164*w = 294146 + 4468510. What is the tens digit of w?
5
Suppose 191*z + 1778 = 190*z. Let j = -1032 - z. What is the tens digit of j?
4
Suppose 330 = 7*b + 3*b. What is the tens digit of 77651/77 - (-18)/b?
0
Let d(p) = -p**3 + 23*p**2 + 71*p + 183. Let y be d(26). Let n = 45 + -117. What is the tens digit of y - (0 + n + 0)?
7
Let r be (-25)/(-5) + 11585 + 2. Suppose -10*j - r = -31*j. What is the units digit of j?
2
Let l be (1 + 911)*(7/14 - 0). Suppose -2*o + l = -4*z, 2*o + 465 = 4*o + 5*z. Suppose -o = -6*r + 256. What is the tens digit of r?
8
Suppose -17*a = -11*a - 2466. Let f = a + 125. What is the hundreds digit of f?
5
Suppose -13*j = -12*j + 4*l - 14183, -3*j + 42499 = 2*l. What is the tens digit of j?
6
What is the thousands digit of (-687620)/(-40) - (20/(-8))/(-5)?
7
Suppose 0 = 9*k - 15*k. Let h(t) = t + 1. Let q be h(-6). What is the hundreds digit of (k/q - -127)/1?
1
Suppose -12*v = -81256 - 402548. What is the ten thousands digit of v?
4
Let d(f) = 56*f**2 + 12*f - 13. Let i be d(4). Let y = -414 + i. What is the units digit of y?
7
Suppose 7452 = -287*b + 299*b. What is the units digit of b?
1
Let b be (7 + -10)/(1/1118*-6). Let s = b + 44. What is the hundreds digit of s?
6
Suppose -20 = 3*q - 8*q, 4*v + q - 12 = 0. Suppose 0*a + 3*a - 3*n = 1026, 672 = v*a - 5*n. What is the tens digit of a?
4
Let d be (107 - 1) + 4 + (7 - 8). Let r = d + -184. What is the tens digit of -2 - -2 - (r + 4)?
7
Suppose -2*i - 2*a + 5714 = 0, 2*i + 2*a - 2856 = i. What is the tens digit of i?
5
Let u(r) be the second derivative of r**4/4 + 5*r**3/6 - 37*r**2 - 53*r - 1. What is the units digit of u(15)?
6
Let s be 458/8 + (-11)/44. Suppose -s*d = -40*d - 3094. What is the units digit of d?
2
Let k(t) = 2107*t**2 - 161*t - 474. What is the tens digit of k(-3)?
7
Let z(a) = 2*a**2 + 2*a + 4. Let c be z(-3). Suppose 2*f = -2*f + c. What is the units digit of (-178)/(-5)*f + 6/(-15)?
2
Let p(c) = -12*c**3 - 59*c**2 - 87*c - 11. Let t(g) = 5*g**3 + 30*g**2 + 43*g + 6. Let s(v) = 3*p(v) + 7*t(v). What is the tens digit of s(34)?
1
Let z = -37 - -38. Let b(x) = x**3 - z + 18*x**2 + 4*x + 5*x - 18*x**2. What is the tens digit of b(4)?
9
Let v(a) = a**2 - 12*a - 25. Let s be v(14). What is the hundreds digit of (s + -8)*(-3 + -40)?
2
Suppose -14*c + 39 = -3. Suppose -1182 = -3*n - c*n. Suppose 0 = 2*s - n + 33. What is the units digit of s?
2
Suppose -63 - 62 = a + v, -4*a - v - 500 = 0. Let d = 1675 - a. What is the units digit of d?
0
Let o(x) = -3*x - 4 + 710*x**2 - 4*x + 4*x - 673*x**2. What is the tens digit of o(-1)?
3
Let a = -267 + 258. Let m(z) = -43*z + 60. What is the tens digit of m(a)?
4
Let l = 677 - -4256. What is the hundreds digit of l?
9
Let d = -45 + 62. Suppose -p = -181 + d. What is the units digit of p?
4
What is the units digit of (4/(-10))/(1/(-7)*(-6)/(-34410))?
8
Let c(b) = -5*b + 26. Let j(g) = -6*g + 25. Let q(r) = -5*c(r) + 6*j(r). Suppose 5*d - 19 = -h, 7*h + 15 = 2*h - 3*d. What is the tens digit of q(h)?
8
Suppose -5*a + 72 = -3*a. Let g be -6*-10*3/a. Suppose -g*f + 219 = -111. What is the tens digit of f?
6
Suppose 0 = 3*m - 16 + 10. Suppose 0 = 3*k + 2*j + m*j + 8, 0 = 5*k + j + 19. What is the tens digit of k/6 - (-1645)/15?
0
Let v = -1921 - -7336. What is the hundreds digit of v?
4
Let o(f) = -56*f - 18. Let a = 94 - 97. Let j be o(a). What is the units digit of 40/j*(-155)/(-2)*3?
2
Suppose -11 + 106 = -3*w - 4*h, 0 = -5*w + 2*h - 167. Let g be ((-21)/(-12))/(3 + w/12). Suppose 0 = -3*k + g*k - 524. What is the tens digit of k?
3
Suppose -4310 + 419210 = k + 14*k. What is the ten thousands digit of k?
2
Let d = -1628 - -887. Let v = 1232 + d. What is the tens digit of v?
9
Let j(f) = 79*f**2 + 7 + 6*f + 18*f**2 - 3*f**2. Let r(s) = -s**2 + 69*s - 379. Let x be r(6). What is the tens digit of j(x)?
9
Suppose 0 = -2*z - 12, 0 = 10*i - 8*i + z - 4. Let t(u) = -u**2 + u + 4. Let a be t(0). Suppose -a*c + 340 = -5*x, -16 = -x + i*x. What is the units digit of c?
0
Let p be (-609)/(-49) - 12/(-21). Suppose -8*l - 1485 = -p*l. What is the tens digit of l?
9
Suppose -22*s + 26*s - 5*k - 28466 = 0, -21350 = -3*s + 4*k. What is the units digit of s?
4
Let d(l) be the third derivative of 11*l**5/20 - 5*l**4/8 + 4*l**3 + 40*l**2. What is the units digit of d(6)?
2
Suppose 250 - 245 = t. Suppose 0 = 3*z + t*z - 3496. What is the hundreds digit of z?
4
Let j be (-14)/(-3)*19/((-380)/(-4650)). Let t = j + -437. What is the hundreds digit of t?
6
What is the thousands digit of ((-10)/4 + 3)*-6 + -92 + 19563?
9
Let d = -16080 + 21554. What is the thousands digit of d?
5
Let y(u) = 2863*u**2 - 3*u - 2. Let f be y(-1). Suppose 8*p + 664 = f. Let d = p - 153. What is the tens digit of d?
2
What is the hundreds digit of 7*(64332/48)/(3/4)?
5
Suppose 3*g = -s + 136074 + 45597, -4*s + 302792 = 5*g. What is the units digit of g?
6
Let l be 96/320 + (-486)/20. What is the tens digit of 7 + (l/6 - -352)?
5
Let x = -109 + 45. Let r = 55 + x. What is the units digit of -2*(-22)/(-8)*(r - -7)?
1
Let s be 15/(-2)*156/195. Let y be (-3818)/s + 90/54. Suppose 3*r + 4*v - y = r, -5*r = -v - 1540. What is the tens digit of r?
0
Suppose -8 = 4*j - 2*j. Let s(t) = -43*t**2 + 49*t**2 - 553*t + 543*t. What is the tens digit of s(j)?
3
Let w(t) = -11*t + 461. What is the hundreds digit of w(-16)?
6
Let b(j) = -62*j - 20. Let y(w) = -6*w**2 - 5*w - 3. Let k be y(-1). What is the hundreds digit of b(k)?
2
Suppose 163 = -o + 781. Let s = o - 240. What is the hundreds digit of s?
3
What is the thousands digit of (-57544880)/(-1158)*(-12)/(-10)?
9
Let g = -19 - -6. Let l(x) = -2*x + 9. Let c be l(g). Let m = 153 - c. What is the units digit of m?
8
Let q(k) = 515*k + 612. What is the hundreds digit of q(6)?
7
Let w(d) = d**3 + 37*d**2 - 38*d - 18. Let j be w(-38). What is the tens digit of 3*3/j*-1654?
2
Let m(h) = -33*h**3 - 19*h**2 + 126*h - 31. What is the units digit of m(-12)?
5
Let z(v) = -1416*v + 2045. What is the hundreds digit of z(-7)?
9
What is the units digit of 16 - 19*(-8 - 345)?
3
Let a be (4 - (3 + -1))*17/(-2). Let r(c) = -43*c + 13. What is the units digit of r(a)?
4
What is the thousands digit of 292770/16 + 5*13/(-520)?
8
Let j be 1/(-3)*117/13. Let y be 32 - ((0 - -4) + j). Let m = 38 - y. What is the units digit of m?
7
Let d be 1/(-5)*-5*3. Suppose -4*n - d*k = -16, -17 = -4*n + 2*k - 1. Suppose n*w + 8*w = 1776. What is the hundreds digit of w?
1
Let w(k) = 26*k**2 + 75*k + 99. What is the ten thousands digit of w(22)?
1
Suppose 13*c + 4*c = 833. Suppose -53*w + c*w + 3828 = -4*k, 0 = -5*w + k + 4793. What is the hundreds digit of w?
9
Let l(j) = 31*j**2 - 4*j - 753. What is the tens digit of l(-28)?
6
Suppose 11*f = -2*v + 9*f + 14152, f + 21248 = 3*v. What is the tens digit of v?
8
What is the thousands digit of ((-6)/(-144)*5142)/(5/40)?
1
Let j(a) = -192*a - 19. Let h be j(-2). Let u = 4 - -1. Suppose 0 = -u*y + h. What is the tens digit of y?
7
Let p(s) = -3*s**3 - 13*s**2 - 27*s - 8. Let b be -10 - (6/(-18) + (-22)/6). What is the hundreds digit of p(b)?
3
Let o = 197 + -200. What is the units digit of 4 + o + 4*(-1437)/(-12)?
0
Suppose -10999580 = -174*r + 607264. What is the tens digit of r?
0
Suppose -549*b + 5264 = -545*b. Let g = b + 6. What is the units digit of g?
2
Let z be (3/3 + 2)/1 + 0. Suppose -2*f + 3*f = -z. What